{"id":103,"date":"2017-12-30T15:51:22","date_gmt":"2017-12-30T14:51:22","guid":{"rendered":"http:\/\/www.erichpueschel.de\/?page_id=103"},"modified":"2021-06-02T16:44:14","modified_gmt":"2021-06-02T14:44:14","slug":"impressum","status":"publish","type":"page","link":"https:\/\/www.erichpueschel.de\/?page_id=103","title":{"rendered":"Impressum"},"content":{"rendered":"<p>[et_pb_section fb_built=&#8220;1&#8243; _builder_version=&#8220;3.22&#8243;][et_pb_row _builder_version=&#8220;3.25&#8243; background_size=&#8220;initial&#8220; background_position=&#8220;top_left&#8220; background_repeat=&#8220;repeat&#8220;][et_pb_column type=&#8220;4_4&#8243; _builder_version=&#8220;3.25&#8243; custom_padding=&#8220;|||&#8220; custom_padding__hover=&#8220;|||&#8220;][et_pb_text _builder_version=&#8220;4.9.4&#8243; hover_enabled=&#8220;0&#8243; sticky_enabled=&#8220;0&#8243;]<\/p>\n<p><strong>Erich P\u00fcschel <\/strong><br \/>M.-von-Wrangell-Weg 162<br \/>89075 Ulm<br \/>Phone: +49 (0) 1573 7988272<br \/>e-Mail: photo[&#8222;_at_&#8220;]erichpueschel.de<\/p>\n<p>Steuer .Nr.: 88328\/16478<\/p>\n<p><strong>Urheberrecht<\/strong><br \/>Die durch mich (Erich P\u00fcschel) erstellten Inhalte und Werke auf diesen Seiten unterliegen dem Urheberrecht und sind auch ohne gesonderte Kennzeichnung davon gesch\u00fctzt. Die Rechte an den Inhalten und Werken liegen ausschlie\u00dflich bei mir (Erich P\u00fcschel).<br \/>Die Vervielf\u00e4ltigung, Bearbeitung, Verbreitung und jede Art der Verwertung au\u00dferhalb der Grenzen des Urheberrechtes, vor allem zu kommerziellen Zwecken, ist NICHT gestattet und bedarf der schriftlichen Zustimmung von Erich P\u00fcschel. Downloads und Kopien dieser Seite und deren Inhalte sind NICHT gestattet.<br \/>Zuwiderhandlungen werden gegeben falls auf dem Rechtsweg verfolgt.<\/p>\n<p>Soweit die Inhalte auf dieser Seite nicht vom Betreiber erstellt wurden, werden die Urheberrechte Dritter beachtet. Insbesondere werden Inhalte Dritter als solche gekennzeichnet. Sollten Sie trotzdem auf eine Urheberrechtsverletzung aufmerksam werden, bitten wir um einen entsprechenden Hinweis. Bei Bekanntwerden von Rechtsverletzungen werden wir derartige Inhalte umgehend entfernen.<\/p>\n<p><strong>Haftungsausschluss<\/strong><br \/><strong>Haftung f\u00fcr Inhalte &amp; Links<\/strong><br \/>Die Inhalte dieser Seiten wurden mit gr\u00f6\u00dfter Sorgfalt erstellt. F\u00fcr die Richtigkeit, Vollst\u00e4ndigkeit und Aktualit\u00e4t der Inhalte kann jedoch vom Betreiber keine Gew\u00e4hr \u00fcbernommen werden.<\/p>\n<p>Diese Seite enth\u00e4lt Links zu externen Webseiten Dritter, auf deren Inhalte der Betreiber keinen Einfluss hat. Deshalb kann vom Betreiber f\u00fcr diese fremden Inhalte auch keine Gew\u00e4hr \u00fcbernehmen. F\u00fcr die Inhalte der verlinkten Seiten ist stets der jeweilige Anbieter oder Betreiber der Seiten verantwortlich. Bei Bekanntwerden von Rechtsverletzungen werden wir derartige Links umgehend entfernen.<\/p>\n<p><strong>Datenschutz<\/strong><br \/>Die Nutzung dieser Webseite ist in der Regel ohne Angabe personenbezogener Daten m\u00f6glich. Soweit auf unseren Seiten personenbezogene Daten (beispielsweise Name oder eMail-Adressen) erhoben werden, erfolgt dies, soweit m\u00f6glich, stets auf freiwilliger Basis. Diese Daten werden ohne Ihre ausdr\u00fcckliche Zustimmung nicht an Dritte weitergegeben.<br \/>Der Betreiber dieser Seite wei\u00dft darauf hin, dass die Daten\u00fcbertragung im Internet (z.B. bei der Kommunikation per E-Mail) Sicherheitsl\u00fccken aufweisen kann. Ein l\u00fcckenloser Schutz der Daten vor dem Zugriff durch Dritte ist nicht m\u00f6glich.<br \/>Der Nutzung von im Rahmen der Impressumspflicht ver\u00f6ffentlichten Kontaktdaten durch Dritte zur \u00dcbersendung von nicht ausdr\u00fccklich angeforderter Werbung und Informationsmaterialien wird hiermit ausdr\u00fccklich widersprochen. Der Betreiber der Seiten beh\u00e4lt sich ausdr\u00fccklich rechtliche Schritte im Falle der unverlangten Zusendung von Werbeinformationen, etwa durch Spam-Mails, vor.<br \/>Quellverweis: <a href=\"http:\/\/www.e-recht24.de\/muster-disclaimer.htm\">Disclaimer eRecht24<\/a>,<\/p>\n<p>[\/et_pb_text][\/et_pb_column][\/et_pb_row][\/et_pb_section]<\/p>\n","protected":false},"excerpt":{"rendered":"<p>[et_pb_section fb_built=&#8220;1&#8243; _builder_version=&#8220;3.22&#8243;][et_pb_row _builder_version=&#8220;3.25&#8243; background_size=&#8220;initial&#8220; background_position=&#8220;top_left&#8220; background_repeat=&#8220;repeat&#8220;][et_pb_column type=&#8220;4_4&#8243; _builder_version=&#8220;3.25&#8243; custom_padding=&#8220;|||&#8220; custom_padding__hover=&#8220;|||&#8220;][et_pb_text _builder_version=&#8220;4.9.4&#8243; hover_enabled=&#8220;0&#8243; sticky_enabled=&#8220;0&#8243;] Erich P\u00fcschel M.-von-Wrangell-Weg 16289075 UlmPhone: +49 (0) 1573 7988272e-Mail: photo[&#8222;_at_&#8220;]erichpueschel.de Steuer .Nr.: 88328\/16478 UrheberrechtDie durch mich (Erich P\u00fcschel) erstellten Inhalte und Werke auf diesen Seiten unterliegen dem Urheberrecht und sind auch ohne gesonderte Kennzeichnung davon gesch\u00fctzt. Die Rechte an den Inhalten [&hellip;]<\/p>\n","protected":false},"author":1,"featured_media":0,"parent":0,"menu_order":9,"comment_status":"closed","ping_status":"closed","template":"","meta":{"_et_pb_use_builder":"on","_et_pb_old_content":"","_et_gb_content_width":"","footnotes":""},"class_list":["post-103","page","type-page","status-publish","hentry"],"_links":{"self":[{"href":"https:\/\/www.erichpueschel.de\/index.php?rest_route=\/wp\/v2\/pages\/103","targetHints":{"allow":["GET"]}}],"collection":[{"href":"https:\/\/www.erichpueschel.de\/index.php?rest_route=\/wp\/v2\/pages"}],"about":[{"href":"https:\/\/www.erichpueschel.de\/index.php?rest_route=\/wp\/v2\/types\/page"}],"author":[{"embeddable":true,"href":"https:\/\/www.erichpueschel.de\/index.php?rest_route=\/wp\/v2\/users\/1"}],"replies":[{"embeddable":true,"href":"https:\/\/www.erichpueschel.de\/index.php?rest_route=%2Fwp%2Fv2%2Fcomments&post=103"}],"version-history":[{"count":3,"href":"https:\/\/www.erichpueschel.de\/index.php?rest_route=\/wp\/v2\/pages\/103\/revisions"}],"predecessor-version":[{"id":1160,"href":"https:\/\/www.erichpueschel.de\/index.php?rest_route=\/wp\/v2\/pages\/103\/revisions\/1160"}],"wp:attachment":[{"href":"https:\/\/www.erichpueschel.de\/index.php?rest_route=%2Fwp%2Fv2%2Fmedia&parent=103"}],"curies":[{"name":"wp","href":"https:\/\/api.w.org\/{rel}","templated":true}]}}